{"id":21437,"date":"2022-02-02T08:31:00","date_gmt":"2022-02-02T08:31:00","guid":{"rendered":"https:\/\/fixtron.de\/?post_type=product&#038;p=21437"},"modified":"2023-11-06T08:55:33","modified_gmt":"2023-11-06T08:55:33","slug":"betriebsstundenzaehler","status":"publish","type":"product","link":"https:\/\/fixtron.de\/?product=betriebsstundenzaehler","title":{"rendered":"Betriebsstundenz\u00e4hler f\u00fcr DV Serie"},"content":{"rendered":"<p>Betriebsstundenz\u00e4hler f\u00fcr Seitenkanalverdichter DV Serie<\/p>\n<ul>\n<li>230 V \/ 50 HZ<\/li>\n<li>Z\u00e4hlbereich bis 99999.99<\/li>\n<li>Einbauma\u00df 45 x 45 mm<\/li>\n<\/ul>\n","protected":false},"excerpt":{"rendered":"<p>Betriebsstundenz\u00e4hler f\u00fcr Seitenkanalverdichter DV Serie 230 V \/ 50 HZ Z\u00e4hlbereich bis 99999.99 Einbauma\u00df 45 x 45 mm<\/p>\n","protected":false},"featured_media":0,"comment_status":"open","ping_status":"closed","template":"","meta":[],"product_cat":[100,140,188],"product_tag":[],"yoast_head":"<!-- This site is optimized with the Yoast SEO plugin v22.5 - https:\/\/yoast.com\/wordpress\/plugins\/seo\/ -->\n<title>Betriebsstundenz\u00e4hler f\u00fcr DV Serie - FIXTRON GMBH - Shop<\/title>\n<meta name=\"robots\" content=\"index, follow, max-snippet:-1, max-image-preview:large, max-video-preview:-1\" \/>\n<link rel=\"canonical\" href=\"https:\/\/fixtron.de\/?product=betriebsstundenzaehler\" \/>\n<meta property=\"og:locale\" content=\"de_DE\" \/>\n<meta property=\"og:type\" content=\"article\" \/>\n<meta property=\"og:title\" content=\"Betriebsstundenz\u00e4hler f\u00fcr DV Serie - FIXTRON GMBH - Shop\" \/>\n<meta property=\"og:description\" content=\"Betriebsstundenz\u00e4hler f\u00fcr Seitenkanalverdichter DV Serie 230 V \/ 50 HZ Z\u00e4hlbereich bis 99999.99 Einbauma\u00df 45 x 45 mm\" \/>\n<meta property=\"og:url\" content=\"https:\/\/fixtron.de\/?product=betriebsstundenzaehler\" \/>\n<meta property=\"og:site_name\" content=\"FIXTRON GMBH - Shop\" \/>\n<meta property=\"article:modified_time\" content=\"2023-11-06T08:55:33+00:00\" \/>\n<meta name=\"twitter:card\" content=\"summary_large_image\" \/>\n<meta name=\"twitter:label1\" content=\"Gesch\u00e4tzte Lesezeit\" \/>\n\t<meta name=\"twitter:data1\" content=\"1\u00a0Minute\" \/>\n<script type=\"application\/ld+json\" class=\"yoast-schema-graph\">{\"@context\":\"https:\/\/schema.org\",\"@graph\":[{\"@type\":\"WebPage\",\"@id\":\"https:\/\/fixtron.de\/?product=betriebsstundenzaehler\",\"url\":\"https:\/\/fixtron.de\/?product=betriebsstundenzaehler\",\"name\":\"Betriebsstundenz\u00e4hler f\u00fcr DV Serie - FIXTRON GMBH - Shop\",\"isPartOf\":{\"@id\":\"https:\/\/fixtron.de\/#website\"},\"datePublished\":\"2022-02-02T08:31:00+00:00\",\"dateModified\":\"2023-11-06T08:55:33+00:00\",\"breadcrumb\":{\"@id\":\"https:\/\/fixtron.de\/?product=betriebsstundenzaehler#breadcrumb\"},\"inLanguage\":\"de\",\"potentialAction\":[{\"@type\":\"ReadAction\",\"target\":[\"https:\/\/fixtron.de\/?product=betriebsstundenzaehler\"]}]},{\"@type\":\"BreadcrumbList\",\"@id\":\"https:\/\/fixtron.de\/?product=betriebsstundenzaehler#breadcrumb\",\"itemListElement\":[{\"@type\":\"ListItem\",\"position\":1,\"name\":\"Startseite\",\"item\":\"https:\/\/fixtron.de\/\"},{\"@type\":\"ListItem\",\"position\":2,\"name\":\"Shop\",\"item\":\"https:\/\/fixtron.de\/?page_id=16552\"},{\"@type\":\"ListItem\",\"position\":3,\"name\":\"Betriebsstundenz\u00e4hler f\u00fcr DV Serie\"}]},{\"@type\":\"WebSite\",\"@id\":\"https:\/\/fixtron.de\/#website\",\"url\":\"https:\/\/fixtron.de\/\",\"name\":\"FIXTRON GMBH - Shop\",\"description\":\"...Ihr zuverl\u00e4ssiger Partner\",\"potentialAction\":[{\"@type\":\"SearchAction\",\"target\":{\"@type\":\"EntryPoint\",\"urlTemplate\":\"https:\/\/fixtron.de\/?s={search_term_string}\"},\"query-input\":\"required name=search_term_string\"}],\"inLanguage\":\"de\"}]}<\/script>\n<!-- \/ Yoast SEO plugin. -->","yoast_head_json":{"title":"Betriebsstundenz\u00e4hler f\u00fcr DV Serie - FIXTRON GMBH - Shop","robots":{"index":"index","follow":"follow","max-snippet":"max-snippet:-1","max-image-preview":"max-image-preview:large","max-video-preview":"max-video-preview:-1"},"canonical":"https:\/\/fixtron.de\/?product=betriebsstundenzaehler","og_locale":"de_DE","og_type":"article","og_title":"Betriebsstundenz\u00e4hler f\u00fcr DV Serie - FIXTRON GMBH - Shop","og_description":"Betriebsstundenz\u00e4hler f\u00fcr Seitenkanalverdichter DV Serie 230 V \/ 50 HZ Z\u00e4hlbereich bis 99999.99 Einbauma\u00df 45 x 45 mm","og_url":"https:\/\/fixtron.de\/?product=betriebsstundenzaehler","og_site_name":"FIXTRON GMBH - Shop","article_modified_time":"2023-11-06T08:55:33+00:00","twitter_card":"summary_large_image","twitter_misc":{"Gesch\u00e4tzte Lesezeit":"1\u00a0Minute"},"schema":{"@context":"https:\/\/schema.org","@graph":[{"@type":"WebPage","@id":"https:\/\/fixtron.de\/?product=betriebsstundenzaehler","url":"https:\/\/fixtron.de\/?product=betriebsstundenzaehler","name":"Betriebsstundenz\u00e4hler f\u00fcr DV Serie - FIXTRON GMBH - Shop","isPartOf":{"@id":"https:\/\/fixtron.de\/#website"},"datePublished":"2022-02-02T08:31:00+00:00","dateModified":"2023-11-06T08:55:33+00:00","breadcrumb":{"@id":"https:\/\/fixtron.de\/?product=betriebsstundenzaehler#breadcrumb"},"inLanguage":"de","potentialAction":[{"@type":"ReadAction","target":["https:\/\/fixtron.de\/?product=betriebsstundenzaehler"]}]},{"@type":"BreadcrumbList","@id":"https:\/\/fixtron.de\/?product=betriebsstundenzaehler#breadcrumb","itemListElement":[{"@type":"ListItem","position":1,"name":"Startseite","item":"https:\/\/fixtron.de\/"},{"@type":"ListItem","position":2,"name":"Shop","item":"https:\/\/fixtron.de\/?page_id=16552"},{"@type":"ListItem","position":3,"name":"Betriebsstundenz\u00e4hler f\u00fcr DV Serie"}]},{"@type":"WebSite","@id":"https:\/\/fixtron.de\/#website","url":"https:\/\/fixtron.de\/","name":"FIXTRON GMBH - Shop","description":"...Ihr zuverl\u00e4ssiger Partner","potentialAction":[{"@type":"SearchAction","target":{"@type":"EntryPoint","urlTemplate":"https:\/\/fixtron.de\/?s={search_term_string}"},"query-input":"required name=search_term_string"}],"inLanguage":"de"}]}},"_links":{"self":[{"href":"https:\/\/fixtron.de\/index.php?rest_route=\/wp\/v2\/product\/21437"}],"collection":[{"href":"https:\/\/fixtron.de\/index.php?rest_route=\/wp\/v2\/product"}],"about":[{"href":"https:\/\/fixtron.de\/index.php?rest_route=\/wp\/v2\/types\/product"}],"replies":[{"embeddable":true,"href":"https:\/\/fixtron.de\/index.php?rest_route=%2Fwp%2Fv2%2Fcomments&post=21437"}],"wp:attachment":[{"href":"https:\/\/fixtron.de\/index.php?rest_route=%2Fwp%2Fv2%2Fmedia&parent=21437"}],"wp:term":[{"taxonomy":"product_cat","embeddable":true,"href":"https:\/\/fixtron.de\/index.php?rest_route=%2Fwp%2Fv2%2Fproduct_cat&post=21437"},{"taxonomy":"product_tag","embeddable":true,"href":"https:\/\/fixtron.de\/index.php?rest_route=%2Fwp%2Fv2%2Fproduct_tag&post=21437"}],"curies":[{"name":"wp","href":"https:\/\/api.w.org\/{rel}","templated":true}]}}