{"id":20590,"date":"2020-05-23T13:46:00","date_gmt":"2020-05-23T13:46:00","guid":{"rendered":"https:\/\/fixtron.de\/?product=anschlussstutzen-38-mm-f-dv-40-50"},"modified":"2023-11-06T09:03:30","modified_gmt":"2023-11-06T09:03:30","slug":"anschlussstutzen-38-mm-f-dv-40-50","status":"publish","type":"product","link":"https:\/\/fixtron.de\/?product=anschlussstutzen-38-mm-f-dv-40-50","title":{"rendered":"Anschlussstutzen 38 mm f. DV 40\/50\/115"},"content":{"rendered":"<p><strong>Anschlussstutzen 38 mm f. DV 40\/50\/115<\/strong><\/p>\n<p>&nbsp;<\/p>\n<ul>\n<li>38 mm Anschlussstutzen f\u00fcr DV40\/ DV50\/ DV115<\/li>\n<li>PVC<\/li>\n<li>Geeignet f\u00fcr 38 mm Spiralschlauch<\/li>\n<li>1 \u00bd\u201c Au\u00dfengewinde<\/li>\n<\/ul>\n","protected":false},"excerpt":{"rendered":"<p>Anschlussstutzen 38 mm f. DV 40\/50\/115<\/p>\n","protected":false},"featured_media":20180,"comment_status":"closed","ping_status":"closed","template":"","meta":[],"product_cat":[100,141],"product_tag":[217,192,190,191,195],"yoast_head":"<!-- This site is optimized with the Yoast SEO plugin v22.5 - https:\/\/yoast.com\/wordpress\/plugins\/seo\/ -->\n<title>Anschlussstutzen 38 mm f. DV 40\/50\/115 - FIXTRON GMBH - Shop<\/title>\n<meta name=\"description\" content=\"Anschlussstutzen 38 mm f. DV 40\/50\/115 - 1 \u00bc\u201c Au\u00dfengewinde - PVC - Geeignet f\u00fcr 38 mm Spiralschlauch - Fixtron GmbH Ihr zuverl\u00e4ssiger Partner\" \/>\n<meta name=\"robots\" content=\"index, follow, max-snippet:-1, max-image-preview:large, max-video-preview:-1\" \/>\n<link rel=\"canonical\" href=\"https:\/\/fixtron.de\/?product=anschlussstutzen-38-mm-f-dv-40-50\" \/>\n<meta property=\"og:locale\" content=\"de_DE\" \/>\n<meta property=\"og:type\" content=\"article\" \/>\n<meta property=\"og:title\" content=\"Anschlussstutzen 38 mm f. DV 40\/50\/115 - FIXTRON GMBH - Shop\" \/>\n<meta property=\"og:description\" content=\"Anschlussstutzen 38 mm f. DV 40\/50\/115 - 1 \u00bc\u201c Au\u00dfengewinde - PVC - Geeignet f\u00fcr 38 mm Spiralschlauch - Fixtron GmbH Ihr zuverl\u00e4ssiger Partner\" \/>\n<meta property=\"og:url\" content=\"https:\/\/fixtron.de\/?product=anschlussstutzen-38-mm-f-dv-40-50\" \/>\n<meta property=\"og:site_name\" content=\"FIXTRON GMBH - Shop\" \/>\n<meta property=\"article:modified_time\" content=\"2023-11-06T09:03:30+00:00\" \/>\n<meta property=\"og:image\" content=\"https:\/\/fixtron.de\/wp-content\/uploads\/2020\/05\/ZU10050.jpg\" \/>\n\t<meta property=\"og:image:width\" content=\"1000\" \/>\n\t<meta property=\"og:image:height\" content=\"1000\" \/>\n\t<meta property=\"og:image:type\" content=\"image\/jpeg\" \/>\n<meta name=\"twitter:card\" content=\"summary_large_image\" \/>\n<meta name=\"twitter:label1\" content=\"Gesch\u00e4tzte Lesezeit\" \/>\n\t<meta name=\"twitter:data1\" content=\"1\u00a0Minute\" \/>\n<script type=\"application\/ld+json\" class=\"yoast-schema-graph\">{\"@context\":\"https:\/\/schema.org\",\"@graph\":[{\"@type\":\"WebPage\",\"@id\":\"https:\/\/fixtron.de\/?product=anschlussstutzen-38-mm-f-dv-40-50\",\"url\":\"https:\/\/fixtron.de\/?product=anschlussstutzen-38-mm-f-dv-40-50\",\"name\":\"Anschlussstutzen 38 mm f. DV 40\/50\/115 - FIXTRON GMBH - Shop\",\"isPartOf\":{\"@id\":\"https:\/\/fixtron.de\/#website\"},\"primaryImageOfPage\":{\"@id\":\"https:\/\/fixtron.de\/?product=anschlussstutzen-38-mm-f-dv-40-50#primaryimage\"},\"image\":{\"@id\":\"https:\/\/fixtron.de\/?product=anschlussstutzen-38-mm-f-dv-40-50#primaryimage\"},\"thumbnailUrl\":\"https:\/\/fixtron.de\/wp-content\/uploads\/2020\/05\/ZU10050.jpg\",\"datePublished\":\"2020-05-23T13:46:00+00:00\",\"dateModified\":\"2023-11-06T09:03:30+00:00\",\"description\":\"Anschlussstutzen 38 mm f. DV 40\/50\/115 - 1 \u00bc\u201c Au\u00dfengewinde - PVC - Geeignet f\u00fcr 38 mm Spiralschlauch - Fixtron GmbH Ihr zuverl\u00e4ssiger Partner\",\"breadcrumb\":{\"@id\":\"https:\/\/fixtron.de\/?product=anschlussstutzen-38-mm-f-dv-40-50#breadcrumb\"},\"inLanguage\":\"de\",\"potentialAction\":[{\"@type\":\"ReadAction\",\"target\":[\"https:\/\/fixtron.de\/?product=anschlussstutzen-38-mm-f-dv-40-50\"]}]},{\"@type\":\"ImageObject\",\"inLanguage\":\"de\",\"@id\":\"https:\/\/fixtron.de\/?product=anschlussstutzen-38-mm-f-dv-40-50#primaryimage\",\"url\":\"https:\/\/fixtron.de\/wp-content\/uploads\/2020\/05\/ZU10050.jpg\",\"contentUrl\":\"https:\/\/fixtron.de\/wp-content\/uploads\/2020\/05\/ZU10050.jpg\",\"width\":1000,\"height\":1000,\"caption\":\"Anschlussstutzen 38 mm\"},{\"@type\":\"BreadcrumbList\",\"@id\":\"https:\/\/fixtron.de\/?product=anschlussstutzen-38-mm-f-dv-40-50#breadcrumb\",\"itemListElement\":[{\"@type\":\"ListItem\",\"position\":1,\"name\":\"Startseite\",\"item\":\"https:\/\/fixtron.de\/\"},{\"@type\":\"ListItem\",\"position\":2,\"name\":\"Shop\",\"item\":\"https:\/\/fixtron.de\/?page_id=16552\"},{\"@type\":\"ListItem\",\"position\":3,\"name\":\"Anschlussstutzen 38 mm f. DV 40\/50\/115\"}]},{\"@type\":\"WebSite\",\"@id\":\"https:\/\/fixtron.de\/#website\",\"url\":\"https:\/\/fixtron.de\/\",\"name\":\"FIXTRON GMBH - Shop\",\"description\":\"...Ihr zuverl\u00e4ssiger Partner\",\"potentialAction\":[{\"@type\":\"SearchAction\",\"target\":{\"@type\":\"EntryPoint\",\"urlTemplate\":\"https:\/\/fixtron.de\/?s={search_term_string}\"},\"query-input\":\"required name=search_term_string\"}],\"inLanguage\":\"de\"}]}<\/script>\n<!-- \/ Yoast SEO plugin. -->","yoast_head_json":{"title":"Anschlussstutzen 38 mm f. DV 40\/50\/115 - FIXTRON GMBH - Shop","description":"Anschlussstutzen 38 mm f. DV 40\/50\/115 - 1 \u00bc\u201c Au\u00dfengewinde - PVC - Geeignet f\u00fcr 38 mm Spiralschlauch - Fixtron GmbH Ihr zuverl\u00e4ssiger Partner","robots":{"index":"index","follow":"follow","max-snippet":"max-snippet:-1","max-image-preview":"max-image-preview:large","max-video-preview":"max-video-preview:-1"},"canonical":"https:\/\/fixtron.de\/?product=anschlussstutzen-38-mm-f-dv-40-50","og_locale":"de_DE","og_type":"article","og_title":"Anschlussstutzen 38 mm f. DV 40\/50\/115 - FIXTRON GMBH - Shop","og_description":"Anschlussstutzen 38 mm f. DV 40\/50\/115 - 1 \u00bc\u201c Au\u00dfengewinde - PVC - Geeignet f\u00fcr 38 mm Spiralschlauch - Fixtron GmbH Ihr zuverl\u00e4ssiger Partner","og_url":"https:\/\/fixtron.de\/?product=anschlussstutzen-38-mm-f-dv-40-50","og_site_name":"FIXTRON GMBH - Shop","article_modified_time":"2023-11-06T09:03:30+00:00","og_image":[{"width":1000,"height":1000,"url":"https:\/\/fixtron.de\/wp-content\/uploads\/2020\/05\/ZU10050.jpg","type":"image\/jpeg"}],"twitter_card":"summary_large_image","twitter_misc":{"Gesch\u00e4tzte Lesezeit":"1\u00a0Minute"},"schema":{"@context":"https:\/\/schema.org","@graph":[{"@type":"WebPage","@id":"https:\/\/fixtron.de\/?product=anschlussstutzen-38-mm-f-dv-40-50","url":"https:\/\/fixtron.de\/?product=anschlussstutzen-38-mm-f-dv-40-50","name":"Anschlussstutzen 38 mm f. DV 40\/50\/115 - FIXTRON GMBH - Shop","isPartOf":{"@id":"https:\/\/fixtron.de\/#website"},"primaryImageOfPage":{"@id":"https:\/\/fixtron.de\/?product=anschlussstutzen-38-mm-f-dv-40-50#primaryimage"},"image":{"@id":"https:\/\/fixtron.de\/?product=anschlussstutzen-38-mm-f-dv-40-50#primaryimage"},"thumbnailUrl":"https:\/\/fixtron.de\/wp-content\/uploads\/2020\/05\/ZU10050.jpg","datePublished":"2020-05-23T13:46:00+00:00","dateModified":"2023-11-06T09:03:30+00:00","description":"Anschlussstutzen 38 mm f. DV 40\/50\/115 - 1 \u00bc\u201c Au\u00dfengewinde - PVC - Geeignet f\u00fcr 38 mm Spiralschlauch - Fixtron GmbH Ihr zuverl\u00e4ssiger Partner","breadcrumb":{"@id":"https:\/\/fixtron.de\/?product=anschlussstutzen-38-mm-f-dv-40-50#breadcrumb"},"inLanguage":"de","potentialAction":[{"@type":"ReadAction","target":["https:\/\/fixtron.de\/?product=anschlussstutzen-38-mm-f-dv-40-50"]}]},{"@type":"ImageObject","inLanguage":"de","@id":"https:\/\/fixtron.de\/?product=anschlussstutzen-38-mm-f-dv-40-50#primaryimage","url":"https:\/\/fixtron.de\/wp-content\/uploads\/2020\/05\/ZU10050.jpg","contentUrl":"https:\/\/fixtron.de\/wp-content\/uploads\/2020\/05\/ZU10050.jpg","width":1000,"height":1000,"caption":"Anschlussstutzen 38 mm"},{"@type":"BreadcrumbList","@id":"https:\/\/fixtron.de\/?product=anschlussstutzen-38-mm-f-dv-40-50#breadcrumb","itemListElement":[{"@type":"ListItem","position":1,"name":"Startseite","item":"https:\/\/fixtron.de\/"},{"@type":"ListItem","position":2,"name":"Shop","item":"https:\/\/fixtron.de\/?page_id=16552"},{"@type":"ListItem","position":3,"name":"Anschlussstutzen 38 mm f. DV 40\/50\/115"}]},{"@type":"WebSite","@id":"https:\/\/fixtron.de\/#website","url":"https:\/\/fixtron.de\/","name":"FIXTRON GMBH - Shop","description":"...Ihr zuverl\u00e4ssiger Partner","potentialAction":[{"@type":"SearchAction","target":{"@type":"EntryPoint","urlTemplate":"https:\/\/fixtron.de\/?s={search_term_string}"},"query-input":"required name=search_term_string"}],"inLanguage":"de"}]}},"_links":{"self":[{"href":"https:\/\/fixtron.de\/index.php?rest_route=\/wp\/v2\/product\/20590"}],"collection":[{"href":"https:\/\/fixtron.de\/index.php?rest_route=\/wp\/v2\/product"}],"about":[{"href":"https:\/\/fixtron.de\/index.php?rest_route=\/wp\/v2\/types\/product"}],"replies":[{"embeddable":true,"href":"https:\/\/fixtron.de\/index.php?rest_route=%2Fwp%2Fv2%2Fcomments&post=20590"}],"wp:featuredmedia":[{"embeddable":true,"href":"https:\/\/fixtron.de\/index.php?rest_route=\/wp\/v2\/media\/20180"}],"wp:attachment":[{"href":"https:\/\/fixtron.de\/index.php?rest_route=%2Fwp%2Fv2%2Fmedia&parent=20590"}],"wp:term":[{"taxonomy":"product_cat","embeddable":true,"href":"https:\/\/fixtron.de\/index.php?rest_route=%2Fwp%2Fv2%2Fproduct_cat&post=20590"},{"taxonomy":"product_tag","embeddable":true,"href":"https:\/\/fixtron.de\/index.php?rest_route=%2Fwp%2Fv2%2Fproduct_tag&post=20590"}],"curies":[{"name":"wp","href":"https:\/\/api.w.org\/{rel}","templated":true}]}}