{"id":20564,"date":"2020-05-23T13:46:00","date_gmt":"2020-05-23T13:46:00","guid":{"rendered":"https:\/\/fixtron.de\/?product=3-fach-verteiler-50-mm"},"modified":"2025-03-24T07:29:37","modified_gmt":"2025-03-24T07:29:37","slug":"3-fach-verteiler-50-mm","status":"publish","type":"product","link":"https:\/\/fixtron.de\/?product=3-fach-verteiler-50-mm","title":{"rendered":"3-fach Verteiler 50 mm"},"content":{"rendered":"<p><strong>3-fach Verteiler 50 mm<\/strong><\/p>\n<p>&#8211; Anschluss 3x 50 mm Anschluss<\/p>\n<p>&#8211; mit diesem Verteiler k\u00f6nnen Sie problemlos 3x 50 mm Lufttransportschl\u00e4uche an unseren DV 50 Seitenkanalverdichter anschlie\u00dfen<\/p>\n","protected":false},"excerpt":{"rendered":"<p>3-fach Verteiler 50 mm<\/p>\n","protected":false},"featured_media":20983,"comment_status":"closed","ping_status":"closed","template":"","meta":[],"product_cat":[100,141,147,145],"product_tag":[192,190,191,195,197],"yoast_head":"<!-- This site is optimized with the Yoast SEO plugin v22.5 - https:\/\/yoast.com\/wordpress\/plugins\/seo\/ -->\n<title>3-fach Verteiler 50 mm - Fixtron GmbH Ihr zuverl\u00e4ssiger Partner<\/title>\n<meta name=\"description\" content=\"3-fach Verteiler 50 mm - problemlos 3x 50 mm Lufttransportschl\u00e4uche an unseren DV 50 Seitenkanalverdichter anschlie\u00dfen - Fixtron Shop\" \/>\n<meta name=\"robots\" content=\"index, follow, max-snippet:-1, max-image-preview:large, max-video-preview:-1\" \/>\n<link rel=\"canonical\" href=\"https:\/\/fixtron.de\/?product=3-fach-verteiler-50-mm\" \/>\n<meta property=\"og:locale\" content=\"de_DE\" \/>\n<meta property=\"og:type\" content=\"article\" \/>\n<meta property=\"og:title\" content=\"3-fach Verteiler 50 mm - Fixtron GmbH Ihr zuverl\u00e4ssiger Partner\" \/>\n<meta property=\"og:description\" content=\"3-fach Verteiler 50 mm - problemlos 3x 50 mm Lufttransportschl\u00e4uche an unseren DV 50 Seitenkanalverdichter anschlie\u00dfen - Fixtron Shop\" \/>\n<meta property=\"og:url\" content=\"https:\/\/fixtron.de\/?product=3-fach-verteiler-50-mm\" \/>\n<meta property=\"og:site_name\" content=\"FIXTRON GMBH - Shop\" \/>\n<meta property=\"article:modified_time\" content=\"2025-03-24T07:29:37+00:00\" \/>\n<meta property=\"og:image\" content=\"https:\/\/fixtron.de\/wp-content\/uploads\/2020\/05\/ZU10004.jpg\" \/>\n\t<meta property=\"og:image:width\" content=\"1000\" \/>\n\t<meta property=\"og:image:height\" content=\"1000\" \/>\n\t<meta property=\"og:image:type\" content=\"image\/jpeg\" \/>\n<meta name=\"twitter:card\" content=\"summary_large_image\" \/>\n<meta name=\"twitter:label1\" content=\"Gesch\u00e4tzte Lesezeit\" \/>\n\t<meta name=\"twitter:data1\" content=\"1\u00a0Minute\" \/>\n<script type=\"application\/ld+json\" class=\"yoast-schema-graph\">{\"@context\":\"https:\/\/schema.org\",\"@graph\":[{\"@type\":\"WebPage\",\"@id\":\"https:\/\/fixtron.de\/?product=3-fach-verteiler-50-mm\",\"url\":\"https:\/\/fixtron.de\/?product=3-fach-verteiler-50-mm\",\"name\":\"3-fach Verteiler 50 mm - Fixtron GmbH Ihr zuverl\u00e4ssiger Partner\",\"isPartOf\":{\"@id\":\"https:\/\/fixtron.de\/#website\"},\"primaryImageOfPage\":{\"@id\":\"https:\/\/fixtron.de\/?product=3-fach-verteiler-50-mm#primaryimage\"},\"image\":{\"@id\":\"https:\/\/fixtron.de\/?product=3-fach-verteiler-50-mm#primaryimage\"},\"thumbnailUrl\":\"https:\/\/fixtron.de\/wp-content\/uploads\/2020\/05\/ZU10004.jpg\",\"datePublished\":\"2020-05-23T13:46:00+00:00\",\"dateModified\":\"2025-03-24T07:29:37+00:00\",\"description\":\"3-fach Verteiler 50 mm - problemlos 3x 50 mm Lufttransportschl\u00e4uche an unseren DV 50 Seitenkanalverdichter anschlie\u00dfen - Fixtron Shop\",\"breadcrumb\":{\"@id\":\"https:\/\/fixtron.de\/?product=3-fach-verteiler-50-mm#breadcrumb\"},\"inLanguage\":\"de\",\"potentialAction\":[{\"@type\":\"ReadAction\",\"target\":[\"https:\/\/fixtron.de\/?product=3-fach-verteiler-50-mm\"]}]},{\"@type\":\"ImageObject\",\"inLanguage\":\"de\",\"@id\":\"https:\/\/fixtron.de\/?product=3-fach-verteiler-50-mm#primaryimage\",\"url\":\"https:\/\/fixtron.de\/wp-content\/uploads\/2020\/05\/ZU10004.jpg\",\"contentUrl\":\"https:\/\/fixtron.de\/wp-content\/uploads\/2020\/05\/ZU10004.jpg\",\"width\":1000,\"height\":1000,\"caption\":\"3-fach Verteiler 50 mm\"},{\"@type\":\"BreadcrumbList\",\"@id\":\"https:\/\/fixtron.de\/?product=3-fach-verteiler-50-mm#breadcrumb\",\"itemListElement\":[{\"@type\":\"ListItem\",\"position\":1,\"name\":\"Startseite\",\"item\":\"https:\/\/fixtron.de\/\"},{\"@type\":\"ListItem\",\"position\":2,\"name\":\"Shop\",\"item\":\"https:\/\/fixtron.de\/?page_id=16552\"},{\"@type\":\"ListItem\",\"position\":3,\"name\":\"3-fach Verteiler 50 mm\"}]},{\"@type\":\"WebSite\",\"@id\":\"https:\/\/fixtron.de\/#website\",\"url\":\"https:\/\/fixtron.de\/\",\"name\":\"FIXTRON GMBH - Shop\",\"description\":\"...Ihr zuverl\u00e4ssiger Partner\",\"potentialAction\":[{\"@type\":\"SearchAction\",\"target\":{\"@type\":\"EntryPoint\",\"urlTemplate\":\"https:\/\/fixtron.de\/?s={search_term_string}\"},\"query-input\":\"required name=search_term_string\"}],\"inLanguage\":\"de\"}]}<\/script>\n<!-- \/ Yoast SEO plugin. -->","yoast_head_json":{"title":"3-fach Verteiler 50 mm - Fixtron GmbH Ihr zuverl\u00e4ssiger Partner","description":"3-fach Verteiler 50 mm - problemlos 3x 50 mm Lufttransportschl\u00e4uche an unseren DV 50 Seitenkanalverdichter anschlie\u00dfen - Fixtron Shop","robots":{"index":"index","follow":"follow","max-snippet":"max-snippet:-1","max-image-preview":"max-image-preview:large","max-video-preview":"max-video-preview:-1"},"canonical":"https:\/\/fixtron.de\/?product=3-fach-verteiler-50-mm","og_locale":"de_DE","og_type":"article","og_title":"3-fach Verteiler 50 mm - Fixtron GmbH Ihr zuverl\u00e4ssiger Partner","og_description":"3-fach Verteiler 50 mm - problemlos 3x 50 mm Lufttransportschl\u00e4uche an unseren DV 50 Seitenkanalverdichter anschlie\u00dfen - Fixtron Shop","og_url":"https:\/\/fixtron.de\/?product=3-fach-verteiler-50-mm","og_site_name":"FIXTRON GMBH - Shop","article_modified_time":"2025-03-24T07:29:37+00:00","og_image":[{"width":1000,"height":1000,"url":"https:\/\/fixtron.de\/wp-content\/uploads\/2020\/05\/ZU10004.jpg","type":"image\/jpeg"}],"twitter_card":"summary_large_image","twitter_misc":{"Gesch\u00e4tzte Lesezeit":"1\u00a0Minute"},"schema":{"@context":"https:\/\/schema.org","@graph":[{"@type":"WebPage","@id":"https:\/\/fixtron.de\/?product=3-fach-verteiler-50-mm","url":"https:\/\/fixtron.de\/?product=3-fach-verteiler-50-mm","name":"3-fach Verteiler 50 mm - Fixtron GmbH Ihr zuverl\u00e4ssiger Partner","isPartOf":{"@id":"https:\/\/fixtron.de\/#website"},"primaryImageOfPage":{"@id":"https:\/\/fixtron.de\/?product=3-fach-verteiler-50-mm#primaryimage"},"image":{"@id":"https:\/\/fixtron.de\/?product=3-fach-verteiler-50-mm#primaryimage"},"thumbnailUrl":"https:\/\/fixtron.de\/wp-content\/uploads\/2020\/05\/ZU10004.jpg","datePublished":"2020-05-23T13:46:00+00:00","dateModified":"2025-03-24T07:29:37+00:00","description":"3-fach Verteiler 50 mm - problemlos 3x 50 mm Lufttransportschl\u00e4uche an unseren DV 50 Seitenkanalverdichter anschlie\u00dfen - Fixtron Shop","breadcrumb":{"@id":"https:\/\/fixtron.de\/?product=3-fach-verteiler-50-mm#breadcrumb"},"inLanguage":"de","potentialAction":[{"@type":"ReadAction","target":["https:\/\/fixtron.de\/?product=3-fach-verteiler-50-mm"]}]},{"@type":"ImageObject","inLanguage":"de","@id":"https:\/\/fixtron.de\/?product=3-fach-verteiler-50-mm#primaryimage","url":"https:\/\/fixtron.de\/wp-content\/uploads\/2020\/05\/ZU10004.jpg","contentUrl":"https:\/\/fixtron.de\/wp-content\/uploads\/2020\/05\/ZU10004.jpg","width":1000,"height":1000,"caption":"3-fach Verteiler 50 mm"},{"@type":"BreadcrumbList","@id":"https:\/\/fixtron.de\/?product=3-fach-verteiler-50-mm#breadcrumb","itemListElement":[{"@type":"ListItem","position":1,"name":"Startseite","item":"https:\/\/fixtron.de\/"},{"@type":"ListItem","position":2,"name":"Shop","item":"https:\/\/fixtron.de\/?page_id=16552"},{"@type":"ListItem","position":3,"name":"3-fach Verteiler 50 mm"}]},{"@type":"WebSite","@id":"https:\/\/fixtron.de\/#website","url":"https:\/\/fixtron.de\/","name":"FIXTRON GMBH - Shop","description":"...Ihr zuverl\u00e4ssiger Partner","potentialAction":[{"@type":"SearchAction","target":{"@type":"EntryPoint","urlTemplate":"https:\/\/fixtron.de\/?s={search_term_string}"},"query-input":"required name=search_term_string"}],"inLanguage":"de"}]}},"_links":{"self":[{"href":"https:\/\/fixtron.de\/index.php?rest_route=\/wp\/v2\/product\/20564"}],"collection":[{"href":"https:\/\/fixtron.de\/index.php?rest_route=\/wp\/v2\/product"}],"about":[{"href":"https:\/\/fixtron.de\/index.php?rest_route=\/wp\/v2\/types\/product"}],"replies":[{"embeddable":true,"href":"https:\/\/fixtron.de\/index.php?rest_route=%2Fwp%2Fv2%2Fcomments&post=20564"}],"wp:featuredmedia":[{"embeddable":true,"href":"https:\/\/fixtron.de\/index.php?rest_route=\/wp\/v2\/media\/20983"}],"wp:attachment":[{"href":"https:\/\/fixtron.de\/index.php?rest_route=%2Fwp%2Fv2%2Fmedia&parent=20564"}],"wp:term":[{"taxonomy":"product_cat","embeddable":true,"href":"https:\/\/fixtron.de\/index.php?rest_route=%2Fwp%2Fv2%2Fproduct_cat&post=20564"},{"taxonomy":"product_tag","embeddable":true,"href":"https:\/\/fixtron.de\/index.php?rest_route=%2Fwp%2Fv2%2Fproduct_tag&post=20564"}],"curies":[{"name":"wp","href":"https:\/\/api.w.org\/{rel}","templated":true}]}}