{"id":20502,"date":"2020-05-23T13:46:00","date_gmt":"2020-05-23T13:46:00","guid":{"rendered":"https:\/\/fixtron.de\/?product=gann-rft-28-el"},"modified":"2025-03-12T08:55:56","modified_gmt":"2025-03-12T08:55:56","slug":"gann-rft-28-el","status":"publish","type":"product","link":"https:\/\/fixtron.de\/?product=gann-rft-28-el","title":{"rendered":"Gann RFT 28 EL"},"content":{"rendered":"<p><strong>Gann RFT 28 EL<\/strong><\/p>\n<p>&nbsp;<\/p>\n<ul>\n<li>Die Aktiv-Elektrode Gann RFT 28 EL ist eine Sonde f\u00fcr Luftfeuchte- und Lufttemperaturmessung und erm\u00f6glicht sekundenschnelle Messungen.<br \/>\nDie Elektrode kann mit den Hydrometten RTU 600, UNI 1 und UNI 2 verwendet werden.<\/li>\n<li>Die\u00a0schnelle Ansprechgeschwindigkeit des Sensors erm\u00f6glicht das\u00a0Aufsp\u00fcren von undichten Stellen . T\u00fcrspalte oder undichte Fenster, da bereits geringe Luftstr\u00f6mungen die Messwertanzeige beeinflussen<\/li>\n<li>Der Sensor passt sich auch im ausgeschalteten Zustand dem Umgebungsklima an<\/li>\n<li>F\u00fcr\u00a0besonders pr\u00e4zise Messungen sollte das Ger\u00e4t 10 &#8211; 15 Minuten dem zu messenden Umgebungsklima ausgesetzt werden, damit eventuelle Temperaturunterschiede zwischen Elektrode und umgebenden Klima ausgeglichen werden k\u00f6nnen<\/li>\n<li>Mithilfe der\u00a0Teleskopverl\u00e4ngerung BL-EL(Bestell-Nr. 6040) wird das Erreichen\u00a0schwer zug\u00e4nglicher Stellen\u00a0erm\u00f6glicht (siehe Foto links)<\/li>\n<li>Die Ansprechzeit des Luftfeuchtesensors (leicht bewegte Luft, Umgebungstemperatur: 20 &#8211; 25 \u00b0C) betr\u00e4gt f\u00fcr<\/li>\n<li>90 % der Feuchtedifferenz etwa 20 sec und f\u00fcr<\/li>\n<li>95 % der Feuchtedifferenz etwa 30 sec<\/li>\n<li>F\u00fcr Messungen in staubhaltiger Luft, bei Schadstoffemission oder hoher Luftgeschwindigkeit kann eine Filterkappe aus gesintertem Metall (Edelstahl) verwendet werden<\/li>\n<\/ul>\n","protected":false},"excerpt":{"rendered":"<p>Gann RFT 28 EL<\/p>\n","protected":false},"featured_media":20898,"comment_status":"closed","ping_status":"closed","template":"","meta":[],"product_cat":[105,153,154],"product_tag":[230,220,205,197],"yoast_head":"<!-- This site is optimized with the Yoast SEO plugin v22.5 - https:\/\/yoast.com\/wordpress\/plugins\/seo\/ -->\n<title>Gann RFT 28 EL Aktiv-Elektrode - FIXTRON GMBH - Shop<\/title>\n<meta name=\"description\" content=\"Gann RFT 28 EL - Sonde f\u00fcr Luftfeuchte- und Lufttemperaturmessung - Kompatibel mit Hydrometten RTU 600, UNI 1 und UNI 2 - Fixtron GmbH Shop\" \/>\n<meta name=\"robots\" content=\"index, follow, max-snippet:-1, max-image-preview:large, max-video-preview:-1\" \/>\n<link rel=\"canonical\" href=\"https:\/\/fixtron.de\/?product=gann-rft-28-el\" \/>\n<meta property=\"og:locale\" content=\"de_DE\" \/>\n<meta property=\"og:type\" content=\"article\" \/>\n<meta property=\"og:title\" content=\"Gann RFT 28 EL Aktiv-Elektrode - FIXTRON GMBH - Shop\" \/>\n<meta property=\"og:description\" content=\"Gann RFT 28 EL - Sonde f\u00fcr Luftfeuchte- und Lufttemperaturmessung - Kompatibel mit Hydrometten RTU 600, UNI 1 und UNI 2 - Fixtron GmbH Shop\" \/>\n<meta property=\"og:url\" content=\"https:\/\/fixtron.de\/?product=gann-rft-28-el\" \/>\n<meta property=\"og:site_name\" content=\"FIXTRON GMBH - Shop\" \/>\n<meta property=\"article:modified_time\" content=\"2025-03-12T08:55:56+00:00\" \/>\n<meta property=\"og:image\" content=\"https:\/\/fixtron.de\/wp-content\/uploads\/2020\/08\/RF-T-28-EL-Big.jpg\" \/>\n\t<meta property=\"og:image:width\" content=\"1000\" \/>\n\t<meta property=\"og:image:height\" content=\"1000\" \/>\n\t<meta property=\"og:image:type\" content=\"image\/jpeg\" \/>\n<meta name=\"twitter:card\" content=\"summary_large_image\" \/>\n<meta name=\"twitter:label1\" content=\"Gesch\u00e4tzte Lesezeit\" \/>\n\t<meta name=\"twitter:data1\" content=\"1\u00a0Minute\" \/>\n<script type=\"application\/ld+json\" class=\"yoast-schema-graph\">{\"@context\":\"https:\/\/schema.org\",\"@graph\":[{\"@type\":\"WebPage\",\"@id\":\"https:\/\/fixtron.de\/?product=gann-rft-28-el\",\"url\":\"https:\/\/fixtron.de\/?product=gann-rft-28-el\",\"name\":\"Gann RFT 28 EL Aktiv-Elektrode - FIXTRON GMBH - Shop\",\"isPartOf\":{\"@id\":\"https:\/\/fixtron.de\/#website\"},\"primaryImageOfPage\":{\"@id\":\"https:\/\/fixtron.de\/?product=gann-rft-28-el#primaryimage\"},\"image\":{\"@id\":\"https:\/\/fixtron.de\/?product=gann-rft-28-el#primaryimage\"},\"thumbnailUrl\":\"https:\/\/fixtron.de\/wp-content\/uploads\/2020\/08\/RF-T-28-EL-Big.jpg\",\"datePublished\":\"2020-05-23T13:46:00+00:00\",\"dateModified\":\"2025-03-12T08:55:56+00:00\",\"description\":\"Gann RFT 28 EL - Sonde f\u00fcr Luftfeuchte- und Lufttemperaturmessung - Kompatibel mit Hydrometten RTU 600, UNI 1 und UNI 2 - Fixtron GmbH Shop\",\"breadcrumb\":{\"@id\":\"https:\/\/fixtron.de\/?product=gann-rft-28-el#breadcrumb\"},\"inLanguage\":\"de\",\"potentialAction\":[{\"@type\":\"ReadAction\",\"target\":[\"https:\/\/fixtron.de\/?product=gann-rft-28-el\"]}]},{\"@type\":\"ImageObject\",\"inLanguage\":\"de\",\"@id\":\"https:\/\/fixtron.de\/?product=gann-rft-28-el#primaryimage\",\"url\":\"https:\/\/fixtron.de\/wp-content\/uploads\/2020\/08\/RF-T-28-EL-Big.jpg\",\"contentUrl\":\"https:\/\/fixtron.de\/wp-content\/uploads\/2020\/08\/RF-T-28-EL-Big.jpg\",\"width\":1000,\"height\":1000,\"caption\":\"Gann RFT 28 EL\"},{\"@type\":\"BreadcrumbList\",\"@id\":\"https:\/\/fixtron.de\/?product=gann-rft-28-el#breadcrumb\",\"itemListElement\":[{\"@type\":\"ListItem\",\"position\":1,\"name\":\"Startseite\",\"item\":\"https:\/\/fixtron.de\/\"},{\"@type\":\"ListItem\",\"position\":2,\"name\":\"Shop\",\"item\":\"https:\/\/fixtron.de\/?page_id=16552\"},{\"@type\":\"ListItem\",\"position\":3,\"name\":\"Gann RFT 28 EL\"}]},{\"@type\":\"WebSite\",\"@id\":\"https:\/\/fixtron.de\/#website\",\"url\":\"https:\/\/fixtron.de\/\",\"name\":\"FIXTRON GMBH - Shop\",\"description\":\"...Ihr zuverl\u00e4ssiger Partner\",\"potentialAction\":[{\"@type\":\"SearchAction\",\"target\":{\"@type\":\"EntryPoint\",\"urlTemplate\":\"https:\/\/fixtron.de\/?s={search_term_string}\"},\"query-input\":\"required name=search_term_string\"}],\"inLanguage\":\"de\"}]}<\/script>\n<!-- \/ Yoast SEO plugin. -->","yoast_head_json":{"title":"Gann RFT 28 EL Aktiv-Elektrode - FIXTRON GMBH - Shop","description":"Gann RFT 28 EL - Sonde f\u00fcr Luftfeuchte- und Lufttemperaturmessung - Kompatibel mit Hydrometten RTU 600, UNI 1 und UNI 2 - Fixtron GmbH Shop","robots":{"index":"index","follow":"follow","max-snippet":"max-snippet:-1","max-image-preview":"max-image-preview:large","max-video-preview":"max-video-preview:-1"},"canonical":"https:\/\/fixtron.de\/?product=gann-rft-28-el","og_locale":"de_DE","og_type":"article","og_title":"Gann RFT 28 EL Aktiv-Elektrode - FIXTRON GMBH - Shop","og_description":"Gann RFT 28 EL - Sonde f\u00fcr Luftfeuchte- und Lufttemperaturmessung - Kompatibel mit Hydrometten RTU 600, UNI 1 und UNI 2 - Fixtron GmbH Shop","og_url":"https:\/\/fixtron.de\/?product=gann-rft-28-el","og_site_name":"FIXTRON GMBH - Shop","article_modified_time":"2025-03-12T08:55:56+00:00","og_image":[{"width":1000,"height":1000,"url":"https:\/\/fixtron.de\/wp-content\/uploads\/2020\/08\/RF-T-28-EL-Big.jpg","type":"image\/jpeg"}],"twitter_card":"summary_large_image","twitter_misc":{"Gesch\u00e4tzte Lesezeit":"1\u00a0Minute"},"schema":{"@context":"https:\/\/schema.org","@graph":[{"@type":"WebPage","@id":"https:\/\/fixtron.de\/?product=gann-rft-28-el","url":"https:\/\/fixtron.de\/?product=gann-rft-28-el","name":"Gann RFT 28 EL Aktiv-Elektrode - FIXTRON GMBH - Shop","isPartOf":{"@id":"https:\/\/fixtron.de\/#website"},"primaryImageOfPage":{"@id":"https:\/\/fixtron.de\/?product=gann-rft-28-el#primaryimage"},"image":{"@id":"https:\/\/fixtron.de\/?product=gann-rft-28-el#primaryimage"},"thumbnailUrl":"https:\/\/fixtron.de\/wp-content\/uploads\/2020\/08\/RF-T-28-EL-Big.jpg","datePublished":"2020-05-23T13:46:00+00:00","dateModified":"2025-03-12T08:55:56+00:00","description":"Gann RFT 28 EL - Sonde f\u00fcr Luftfeuchte- und Lufttemperaturmessung - Kompatibel mit Hydrometten RTU 600, UNI 1 und UNI 2 - Fixtron GmbH Shop","breadcrumb":{"@id":"https:\/\/fixtron.de\/?product=gann-rft-28-el#breadcrumb"},"inLanguage":"de","potentialAction":[{"@type":"ReadAction","target":["https:\/\/fixtron.de\/?product=gann-rft-28-el"]}]},{"@type":"ImageObject","inLanguage":"de","@id":"https:\/\/fixtron.de\/?product=gann-rft-28-el#primaryimage","url":"https:\/\/fixtron.de\/wp-content\/uploads\/2020\/08\/RF-T-28-EL-Big.jpg","contentUrl":"https:\/\/fixtron.de\/wp-content\/uploads\/2020\/08\/RF-T-28-EL-Big.jpg","width":1000,"height":1000,"caption":"Gann RFT 28 EL"},{"@type":"BreadcrumbList","@id":"https:\/\/fixtron.de\/?product=gann-rft-28-el#breadcrumb","itemListElement":[{"@type":"ListItem","position":1,"name":"Startseite","item":"https:\/\/fixtron.de\/"},{"@type":"ListItem","position":2,"name":"Shop","item":"https:\/\/fixtron.de\/?page_id=16552"},{"@type":"ListItem","position":3,"name":"Gann RFT 28 EL"}]},{"@type":"WebSite","@id":"https:\/\/fixtron.de\/#website","url":"https:\/\/fixtron.de\/","name":"FIXTRON GMBH - Shop","description":"...Ihr zuverl\u00e4ssiger Partner","potentialAction":[{"@type":"SearchAction","target":{"@type":"EntryPoint","urlTemplate":"https:\/\/fixtron.de\/?s={search_term_string}"},"query-input":"required name=search_term_string"}],"inLanguage":"de"}]}},"_links":{"self":[{"href":"https:\/\/fixtron.de\/index.php?rest_route=\/wp\/v2\/product\/20502"}],"collection":[{"href":"https:\/\/fixtron.de\/index.php?rest_route=\/wp\/v2\/product"}],"about":[{"href":"https:\/\/fixtron.de\/index.php?rest_route=\/wp\/v2\/types\/product"}],"replies":[{"embeddable":true,"href":"https:\/\/fixtron.de\/index.php?rest_route=%2Fwp%2Fv2%2Fcomments&post=20502"}],"wp:featuredmedia":[{"embeddable":true,"href":"https:\/\/fixtron.de\/index.php?rest_route=\/wp\/v2\/media\/20898"}],"wp:attachment":[{"href":"https:\/\/fixtron.de\/index.php?rest_route=%2Fwp%2Fv2%2Fmedia&parent=20502"}],"wp:term":[{"taxonomy":"product_cat","embeddable":true,"href":"https:\/\/fixtron.de\/index.php?rest_route=%2Fwp%2Fv2%2Fproduct_cat&post=20502"},{"taxonomy":"product_tag","embeddable":true,"href":"https:\/\/fixtron.de\/index.php?rest_route=%2Fwp%2Fv2%2Fproduct_tag&post=20502"}],"curies":[{"name":"wp","href":"https:\/\/api.w.org\/{rel}","templated":true}]}}