{"id":21679,"date":"2024-04-26T18:14:16","date_gmt":"2024-04-26T18:14:16","guid":{"rendered":"https:\/\/fixtron.de\/?page_id=21679"},"modified":"2024-04-26T18:14:16","modified_gmt":"2024-04-26T18:14:16","slug":"versand-zahlung","status":"publish","type":"page","link":"https:\/\/fixtron.de\/?page_id=21679","title":{"rendered":"Versand &#038; Zahlung"},"content":{"rendered":"<div class=\"fusion-fullwidth fullwidth-box fusion-builder-row-1 fusion-flex-container nonhundred-percent-fullwidth non-hundred-percent-height-scrolling\" style=\"background-color: #ffffff;background-position: center center;background-repeat: no-repeat;border-width: 0px 0px 0px 0px;border-color:#eae9e9;border-style:solid;\" ><div class=\"fusion-builder-row fusion-row fusion-flex-align-items-flex-start\" style=\"max-width:1976px;margin-left: calc(-4% \/ 2 );margin-right: calc(-4% \/ 2 );\"><div class=\"fusion-layout-column fusion_builder_column fusion-builder-column-0 fusion_builder_column_1_1 1_1 fusion-flex-column\"><div class=\"fusion-column-wrapper fusion-flex-justify-content-flex-start fusion-content-layout-column\" style=\"background-position:left top;background-repeat:no-repeat;-webkit-background-size:cover;-moz-background-size:cover;-o-background-size:cover;background-size:cover;padding: 0px 0px 0px 0px;\"><div class=\"fusion-text fusion-text-1\" style=\"text-align:left;transform:translate3d(0,0,0);\"><header class=\"page-header\">\n<h1 class=\"title entry-title\">Versand &amp; Zahlung<\/h1>\n<\/header>\n<section id=\"content\" class=\"page-content page-cms page-cms-1\">Pakete werden normalerweise 2 Tage nach Zahlungseingang mit UPS mit Bestellverfolgem\u00f6glichkeit und Ablieferung ohne Unterschrift geliefert. Wenn Sie lieber eine UPS-Sendung per Einschreiben erhalten m\u00f6chten, entstehen zus\u00e4tzliche Kosten. Bitte kontaktieren Sie uns, bevor Sie dieses Liefermethode w\u00e4hlen. Wir senden Ihnen einen Link f\u00fcr die Bestellverfolgung unabh\u00e4ngig davon, welche Liefermethode Sie w\u00e4hlen.<\/p>\n<p>Die Versandkosten beinhalten Lade- und Verpackungsgeb\u00fchren sowie die Portokosten. Die Verladegeb\u00fchren stehen fest, wobei Transportkosten schwanken, je nach Gesamtgewicht des Pakets. Wir raten Ihnen, mehrere Artikel in einer Bestellung zusammenzufassen. Wir k\u00f6nnen zwei verschiedene Bestellungen nicht zusammenlegen, und die Versandkosten werden separat f\u00fcr jede Bestellung gerechnet. Ihr Paket wird auf Ihr Risiko versandt, aber zerbrechliche Ware wird besonders sorgsam behandelt.<\/p>\n<p>Die Versandschachteln sind weit geschnitten und ihre Ware wird gut gesch\u00fctzt verpackt.<\/p>\n<\/section>\n<\/div><div class=\"fusion-text fusion-text-2\" style=\"transform:translate3d(0,0,0);\"><p><strong>R\u00fccknahme \/ Retouren \/ Reklamationen<\/strong><\/p>\n<p>Bitte kontaktieren Sie uns f\u00fcr diese Themen per <a href=\"mailto:info@fixtron.de\">E-Mail<\/a>.<\/p>\n<\/div><div class=\"fusion-text fusion-text-3\" style=\"transform:translate3d(0,0,0);\"><p><strong>Unsere sichere Zahlung mit SSL<\/strong><\/p>\n<p>Zahlungsm\u00f6glichkeiten:<\/p>\n<p>Vorkasse, PayPal<\/p>\n<\/div><\/div><\/div><style type=\"text\/css\">.fusion-body .fusion-builder-column-0{width:100% !important;margin-top : 15px;margin-bottom : 15px;}.fusion-builder-column-0 > .fusion-column-wrapper {padding-top : 0px !important;padding-right : 0px !important;margin-right : 1.92%;padding-bottom : 0px !important;padding-left : 0px !important;margin-left : 1.92%;}@media only screen and (max-width:1024px) {.fusion-body .fusion-builder-column-0{width:100% !important;order : 0;}.fusion-builder-column-0 > .fusion-column-wrapper {margin-right : 1.92%;margin-left : 1.92%;}}@media only screen and (max-width:640px) {.fusion-body .fusion-builder-column-0{width:100% !important;order : 0;}.fusion-builder-column-0 > .fusion-column-wrapper {margin-right : 1.92%;margin-left : 1.92%;}}<\/style><\/div><style type=\"text\/css\">.fusion-body .fusion-flex-container.fusion-builder-row-1{ padding-top : 0px;margin-top : 0px;padding-right : 0px;padding-bottom : 0px;margin-bottom : 0px;padding-left : 0px;}<\/style><\/div>\n","protected":false},"excerpt":{"rendered":"","protected":false},"author":39,"featured_media":0,"parent":0,"menu_order":0,"comment_status":"closed","ping_status":"closed","template":"","meta":{"footnotes":""},"yoast_head":"<!-- This site is optimized with the Yoast SEO plugin v22.5 - https:\/\/yoast.com\/wordpress\/plugins\/seo\/ -->\n<title>Versand &amp; Zahlung - FIXTRON GMBH - Shop<\/title>\n<meta name=\"robots\" content=\"index, follow, max-snippet:-1, max-image-preview:large, max-video-preview:-1\" \/>\n<link rel=\"canonical\" href=\"https:\/\/fixtron.de\/?page_id=21679\" \/>\n<meta property=\"og:locale\" content=\"de_DE\" \/>\n<meta property=\"og:type\" content=\"article\" \/>\n<meta property=\"og:title\" content=\"Versand &amp; Zahlung - FIXTRON GMBH - Shop\" \/>\n<meta property=\"og:url\" content=\"https:\/\/fixtron.de\/?page_id=21679\" \/>\n<meta property=\"og:site_name\" content=\"FIXTRON GMBH - Shop\" \/>\n<meta name=\"twitter:card\" content=\"summary_large_image\" \/>\n<meta name=\"twitter:label1\" content=\"Gesch\u00e4tzte Lesezeit\" \/>\n\t<meta name=\"twitter:data1\" content=\"3\u00a0Minuten\" \/>\n<script type=\"application\/ld+json\" class=\"yoast-schema-graph\">{\"@context\":\"https:\/\/schema.org\",\"@graph\":[{\"@type\":\"WebPage\",\"@id\":\"https:\/\/fixtron.de\/?page_id=21679\",\"url\":\"https:\/\/fixtron.de\/?page_id=21679\",\"name\":\"Versand & Zahlung - FIXTRON GMBH - Shop\",\"isPartOf\":{\"@id\":\"https:\/\/fixtron.de\/#website\"},\"datePublished\":\"2024-04-26T18:14:16+00:00\",\"dateModified\":\"2024-04-26T18:14:16+00:00\",\"breadcrumb\":{\"@id\":\"https:\/\/fixtron.de\/?page_id=21679#breadcrumb\"},\"inLanguage\":\"de\",\"potentialAction\":[{\"@type\":\"ReadAction\",\"target\":[\"https:\/\/fixtron.de\/?page_id=21679\"]}]},{\"@type\":\"BreadcrumbList\",\"@id\":\"https:\/\/fixtron.de\/?page_id=21679#breadcrumb\",\"itemListElement\":[{\"@type\":\"ListItem\",\"position\":1,\"name\":\"Startseite\",\"item\":\"https:\/\/fixtron.de\/\"},{\"@type\":\"ListItem\",\"position\":2,\"name\":\"Versand &#038; Zahlung\"}]},{\"@type\":\"WebSite\",\"@id\":\"https:\/\/fixtron.de\/#website\",\"url\":\"https:\/\/fixtron.de\/\",\"name\":\"FIXTRON GMBH - Shop\",\"description\":\"...Ihr zuverl\u00e4ssiger Partner\",\"potentialAction\":[{\"@type\":\"SearchAction\",\"target\":{\"@type\":\"EntryPoint\",\"urlTemplate\":\"https:\/\/fixtron.de\/?s={search_term_string}\"},\"query-input\":\"required name=search_term_string\"}],\"inLanguage\":\"de\"}]}<\/script>\n<!-- \/ Yoast SEO plugin. -->","yoast_head_json":{"title":"Versand & Zahlung - FIXTRON GMBH - Shop","robots":{"index":"index","follow":"follow","max-snippet":"max-snippet:-1","max-image-preview":"max-image-preview:large","max-video-preview":"max-video-preview:-1"},"canonical":"https:\/\/fixtron.de\/?page_id=21679","og_locale":"de_DE","og_type":"article","og_title":"Versand & Zahlung - FIXTRON GMBH - Shop","og_url":"https:\/\/fixtron.de\/?page_id=21679","og_site_name":"FIXTRON GMBH - Shop","twitter_card":"summary_large_image","twitter_misc":{"Gesch\u00e4tzte Lesezeit":"3\u00a0Minuten"},"schema":{"@context":"https:\/\/schema.org","@graph":[{"@type":"WebPage","@id":"https:\/\/fixtron.de\/?page_id=21679","url":"https:\/\/fixtron.de\/?page_id=21679","name":"Versand & Zahlung - FIXTRON GMBH - Shop","isPartOf":{"@id":"https:\/\/fixtron.de\/#website"},"datePublished":"2024-04-26T18:14:16+00:00","dateModified":"2024-04-26T18:14:16+00:00","breadcrumb":{"@id":"https:\/\/fixtron.de\/?page_id=21679#breadcrumb"},"inLanguage":"de","potentialAction":[{"@type":"ReadAction","target":["https:\/\/fixtron.de\/?page_id=21679"]}]},{"@type":"BreadcrumbList","@id":"https:\/\/fixtron.de\/?page_id=21679#breadcrumb","itemListElement":[{"@type":"ListItem","position":1,"name":"Startseite","item":"https:\/\/fixtron.de\/"},{"@type":"ListItem","position":2,"name":"Versand &#038; Zahlung"}]},{"@type":"WebSite","@id":"https:\/\/fixtron.de\/#website","url":"https:\/\/fixtron.de\/","name":"FIXTRON GMBH - Shop","description":"...Ihr zuverl\u00e4ssiger Partner","potentialAction":[{"@type":"SearchAction","target":{"@type":"EntryPoint","urlTemplate":"https:\/\/fixtron.de\/?s={search_term_string}"},"query-input":"required name=search_term_string"}],"inLanguage":"de"}]}},"_links":{"self":[{"href":"https:\/\/fixtron.de\/index.php?rest_route=\/wp\/v2\/pages\/21679"}],"collection":[{"href":"https:\/\/fixtron.de\/index.php?rest_route=\/wp\/v2\/pages"}],"about":[{"href":"https:\/\/fixtron.de\/index.php?rest_route=\/wp\/v2\/types\/page"}],"author":[{"embeddable":true,"href":"https:\/\/fixtron.de\/index.php?rest_route=\/wp\/v2\/users\/39"}],"replies":[{"embeddable":true,"href":"https:\/\/fixtron.de\/index.php?rest_route=%2Fwp%2Fv2%2Fcomments&post=21679"}],"version-history":[{"count":12,"href":"https:\/\/fixtron.de\/index.php?rest_route=\/wp\/v2\/pages\/21679\/revisions"}],"predecessor-version":[{"id":21691,"href":"https:\/\/fixtron.de\/index.php?rest_route=\/wp\/v2\/pages\/21679\/revisions\/21691"}],"wp:attachment":[{"href":"https:\/\/fixtron.de\/index.php?rest_route=%2Fwp%2Fv2%2Fmedia&parent=21679"}],"curies":[{"name":"wp","href":"https:\/\/api.w.org\/{rel}","templated":true}]}}